 divisor of 120 and 176120.
40
What is the highest common factor of 12936 and 630?
42
What is the greatest common divisor of 3088 and 678395?
193
Calculate the highest common divisor of 794292 and 102.
6
What is the greatest common divisor of 1326 and 58344?
1326
Calculate the highest common factor of 16889 and 1.
1
What is the highest common factor of 2385212 and 53?
53
Calculate the greatest common factor of 928083 and 2694.
1347
What is the greatest common factor of 12543 and 452?
113
What is the highest common divisor of 1016352 and 24?
24
What is the greatest common divisor of 582690 and 15?
15
What is the greatest common factor of 6721 and 177190?
611
What is the highest common divisor of 159146 and 286?
26
Calculate the greatest common factor of 1634 and 133.
19
Calculate the greatest common factor of 1278 and 135477.
9
Calculate the greatest common factor of 378 and 39326.
14
What is the highest common factor of 2697 and 580?
29
Calculate the greatest common divisor of 234 and 1651770.
18
Calculate the highest common divisor of 18152 and 2929279.
2269
What is the greatest common factor of 3654 and 5082?
42
What is the highest common factor of 123 and 30955?
41
What is the highest common factor of 24079 and 38208?
199
What is the greatest common divisor of 24 and 1156?
4
Calculate the greatest common factor of 61985 and 294.
49
Calculate the greatest common factor of 21 and 60081.
21
Calculate the greatest common factor of 1032 and 67424.
344
What is the greatest common divisor of 333705 and 15?
15
What is the greatest common factor of 203260 and 20?
20
What is the greatest common divisor of 1035 and 1191975?
345
What is the greatest common factor of 82870 and 1060?
10
What is the highest common factor of 68 and 85357?
17
Calculate the greatest common factor of 1088 and 777240.
136
Calculate the highest common divisor of 44 and 22972.
4
What is the highest common divisor of 1141272 and 216?
72
Calculate the greatest common divisor of 42642 and 552.
138
What is the greatest common divisor of 37030 and 406?
14
What is the greatest common factor of 22 and 90442?
22
Calculate the greatest common factor of 531 and 450.
9
Calculate the highest common divisor of 6 and 1653930.
6
Calculate the greatest common factor of 8222391 and 243.
243
What is the highest common divisor of 39 and 2664?
3
Calculate the greatest common divisor of 17444 and 980.
196
What is the highest common divisor of 268 and 109143?
67
What is the highest common divisor of 32 and 6279192?
8
What is the highest common divisor of 32 and 9032?
8
What is the highest common factor of 121 and 28919?
121
Calculate the greatest common factor of 882 and 26262.
18
What is the highest common divisor of 41740 and 1220?
20
What is the greatest common factor of 159 and 9381?
159
Calculate the greatest common divisor of 10811 and 19.
19
What is the highest common factor of 7726 and 6?
2
Calculate the greatest common divisor of 1617 and 43428.
231
Calculate the highest common factor of 629 and 41497.
17
Calculate the highest common divisor of 1625 and 47.
1
What is the highest common divisor of 25591 and 628?
157
What is the highest common factor of 55 and 4242590?
55
What is the highest common divisor of 418066 and 1364?
682
What is the highest common divisor of 561005 and 20?
5
Calculate the greatest common factor of 98450 and 650.
50
What is the greatest common divisor of 29070 and 2850?
570
Calculate the highest common divisor of 1406 and 149074.
38
Calculate the greatest common divisor of 2100 and 2052.
12
Calculate the greatest common factor of 18666 and 12.
6
What is the highest common factor of 835 and 2060780?
835
What is the highest common divisor of 4446 and 3159?
117
What is the highest common divisor of 62 and 506695?
31
Calculate the highest common factor of 284 and 408676.
284
Calculate the greatest common divisor of 1431 and 19875.
159
What is the greatest common divisor of 797748 and 231?
21
What is the highest common divisor of 76 and 6194?
38
Calculate the greatest common factor of 50048 and 640.
128
Calculate the greatest common factor of 2650561 and 149.
149
What is the greatest common divisor of 8 and 788344?
8
Calculate the highest common divisor of 6696 and 306.
18
Calculate the greatest common divisor of 49883 and 45676.
601
What is the greatest common divisor of 124 and 24924?
124
What is the greatest common divisor of 1055908 and 4?
4
Calculate the highest common divisor of 66042 and 4158.
54
What is the greatest common divisor of 117284 and 3379?
109
What is the greatest common divisor of 24741 and 51?
3
What is the greatest common factor of 15 and 14515?
5
What is the highest common factor of 89088 and 1914?
174
Calculate the greatest common factor of 983677 and 97.
97
What is the greatest common factor of 5664 and 1212?
12
What is the highest common divisor of 72 and 349992?
72
What is the highest common factor of 951 and 6423?
3
What is the greatest common divisor of 1898647 and 849?
283
Calculate the greatest common factor of 189359 and 23.
23
Calculate the greatest common divisor of 2668056 and 912.
456
What is the highest common factor of 348 and 132576?
12
Calculate the greatest common factor of 7218 and 7624614.
2406
What is the greatest common factor of 5828 and 186?
62
Calculate the highest common divisor of 253175 and 34200.
475
Calculate the highest common divisor of 3248 and 896.
112
What is the highest common factor of 30 and 5170?
10
What is the greatest common divisor of 12051 and 2223?
117
Calculate the highest common divisor of 17768 and 88.
8
What is the greatest common factor of 135632 and 48?
16
Calculate the highest common divisor of 9245 and 180.
5
Calculate the highest common divisor of 732 and 119499.
183
Calculate the greatest common factor of 53284 and 1232.
308
What is the greatest common factor of 264 and 141?
3
What is the greatest common factor of 2930508 and 1764?
252
Calculate the highest common divisor of 1371917 and 34.
17
Calculate the greatest common divisor of 320 and 1593920.
320
Calculate the greatest common divisor of 74 and 786398.
74
What is the highest common divisor of 1177 and 3959?
107
What is the greatest common divisor of 2000 and 24860?
20
Calculate the highest common factor of 46870 and 3010.
430
What is the greatest common divisor of 14135 and 330245?
1285
What is the highest common divisor of 522 and 10527?
87
What is the highest common divisor of 3325 and 9030?
35
What is the highest common divisor of 89778 and 91?
13
What is the greatest common factor of 1086750 and 90?
90
What is the greatest common factor of 65825 and 100?
25
What is the greatest common divisor of 13164 and 288?
12
What is the greatest common factor of 3077 and 56653?
181
Calculate the greatest common factor of 3759 and 189.
21
What is the highest common divisor of 1924 and 156?
52
What is the highest common divisor of 828 and 1278?
18
Calculate the greatest common divisor of 7976 and 86.
2
Calculate the greatest common factor of 40845 and 84.
21
Calculate the greatest common divisor of 1050 and 38094.
42
Calculate the highest common divisor of 19 and 1356809.
19
Calculate the highest common factor of 150 and 34575.
75
What is the highest common factor of 1350 and 132570?
270
What is the greatest common factor of 728 and 5369?
91
Calculate the highest common factor of 493104 and 96.
48
What is the highest common factor of 46926 and 220?
22
Calculate the highest common divisor of 252251 and 386.
193
What is the highest common factor of 1974 and 1050?
42
What is the greatest common divisor of 30675 and 1515?
15
Calculate the highest common divisor of 40448 and 192.
64
Calculate the highest common factor of 11271 and 975.
39
Calculate the greatest common factor of 31625 and 495.
55
Calculate the greatest common factor of 901799 and 34.
17
Calculate the greatest common factor of 16312079 and 259.
259
Calculate the highest common divisor of 32322 and 18.
6
What is the highest common divisor of 25652 and 1060?
212
What is the greatest common factor of 894 and 300?
6
What is the greatest common divisor of 368 and 20?
4
What is the highest common factor of 1531760 and 160?
80
Calculate the greatest common divisor of 1111 and 2123.
11
What is 